est common factor of c and 60?
15
Let b(f) be the first derivative of -f**2 + 2*f - 47. Let l be b(-30). Calculate the highest common divisor of l and 124.
62
Let n be 99/(-6)*(-132)/9 - 8. What is the greatest common divisor of 54 and n?
18
Suppose -272*m + 36814 = -56754. Calculate the greatest common divisor of 14620 and m.
172
Let i be (5 - (-1197)/27)/((-10)/(-15)). Suppose -4*u + 420 = 84. Let c = u - i. What is the highest common divisor of 50 and c?
10
Let s = -10 - -19. Let g = 201 + -95. Suppose 0 = 12*i - g - 650. Calculate the highest common factor of i and s.
9
Let h be -82 - 1*(0 + (0 - -1)). Let u = 164 + h. Suppose 0 = -4*l + 16, 0 = q - 2*l - 19. Calculate the highest common factor of u and q.
27
Let k = 7481 + -7222. What is the greatest common factor of k and 427?
7
Let g = -31 - -32. Let i be g/((-2)/(-4))*63/(-42). Let t be (i*4/24)/((-1)/44). Calculate the greatest common factor of 154 and t.
22
Suppose 0 = -3*m - 3*k + 2328, 8 = -2*k - 8. Calculate the greatest common divisor of m and 272.
16
Let x be 1/((-2)/6)*38/(-57). Suppose -28*c + 32*c = -3*d + 207, -3*d = -x*c - 207. Calculate the highest common divisor of d and 161.
23
Let f be (-93 - -232) + (-1 - -6). Calculate the highest common divisor of 594 and f.
18
Let y be -32 + 34 + (-490)/(-1). Let s = y - 481. Calculate the greatest common divisor of s and 319.
11
Let f be (8*2/(-12))/(94/(-141)) - -14. Calculate the greatest common divisor of 73024 and f.
16
Suppose 40*x - 14*x - 990 = -29*x. Calculate the greatest common divisor of 23418 and x.
18
Let z = 26782 + -24563. What is the highest common divisor of 133 and z?
7
Let l = 13 - 7. Let c(z) = 9*z**2 - 234*z - 705. Let p be c(-3). What is the greatest common factor of l and p?
6
Suppose -4*q = -8*q + 996. Suppose 14347*y - 996 = 14335*y. Calculate the highest common factor of y and q.
83
Let k(s) = 3*s - 4. Let y be k(3). Suppose -y*x + 125 = -45. Calculate the greatest common factor of x and 2.
2
Suppose 166*t - 405*t = -1067135. Calculate the greatest common factor of 475 and t.
95
Let u(v) = 224*v + 273. Let o be u(3). What is the highest common factor of 175 and o?
35
Let g = -60 - -1365. What is the greatest common factor of 58 and g?
29
Let w = 1944 - 1898. Let l(j) = -54*j - 2. Let m be l(-6). What is the highest common factor of w and m?
46
Suppose -5*t - 1939 = 1216. Let w = t - -781. Calculate the highest common divisor of w and 45.
15
Suppose -300 = -32*d + 22*d. Let g be (-154)/(-5) + ((-42)/d)/(-7). Calculate the greatest common divisor of 1 and g.
1
Let r(k) = 4*k - 8. Let i be r(8). Let p be 4 - (528/10 + (-2)/(-10)). Let v = p - -85. Calculate the highest common divisor of i and v.
12
Suppose -3*m + 227 + 82 = 4*o, -307 = -4*o - 5*m. Let g = -230 + 132. Let d = g + 150. What is the highest common factor of o and d?
26
Let z(h) = -8*h**3 - h**2 + h + 2. Let s be -5*2 + 2 + 1. Let b be ((-42)/(-4))/7 + s/2. Let r be z(b). Calculate the greatest common divisor of 24 and r.
12
Suppose 89*p = 92*p - 6. Suppose -p*k + 1004 = 4*m, m + 4*k + 251 = 2*m. Let i = 377 - m. Calculate the greatest common factor of 14 and i.
14
Let g = 29609 - 29374. Let d be 4/10*(-2 - -237). Calculate the greatest common divisor of d and g.
47
Let f be (-165 - -45)*(4/(-12) + (-2)/12). Calculate the highest common factor of f and 7760.
20
Let d = -17664 + 18244. What is the highest common factor of 20 and d?
20
Let a(o) be the first derivative of 4*o**3/3 + 5*o**2/2 + 22*o + 107. Let u be a(-3). Calculate the highest common divisor of 129 and u.
43
Let t(g) = g**2 - 2*g - 25. Let h be t(-5). Let f be 2/20*h - (1 + -65). What is the highest common divisor of 35 and f?
5
Let y = -689 - -900. Suppose -y - 185 = -22*x. Calculate the greatest common divisor of 477 and x.
9
Let b(x) = -76*x + 1100. Let t be b(13). Calculate the highest common divisor of t and 108.
4
Let f(h) = -h**3 + 15*h**2 - 18*h + 8. Suppose -5*o - 77 = -10*o + 3*g, -o - 3 = 4*g. Let x be f(o). Calculate the greatest common divisor of x and 56.
56
Let b = 109 + -1. Let m be (1872/286)/((-8)/(-66)). Calculate the highest common factor of m and b.
54
Suppose 3*x - 5*i - 1438 = 0, 5*x + 2*i = 3405 - 1060. Let b = -411 + x. Calculate the highest common factor of 18 and b.
6
Suppose p = -3*n + 7023, -44*p = -4*n - 48*p + 9348. What is the highest common divisor of n and 66?
33
Let y = 6570 + -518. Calculate the highest common factor of y and 68.
68
Let y(h) = -2*h + 4. Let j be y(10). Let o be (-1 - 8)*j/6. Let q be (27 - (16 - 11)) + -10. What is the greatest common divisor of q and o?
12
Let p be 2*1 - (-2 + 0). Let y be (1*-3 - (-11)/33)/(4/(-6)). Suppose 5*h + 49 = p*w - 40, 28 = 3*w + y*h. Calculate the greatest common divisor of 128 and w.
16
Let w(d) = 59*d - 3. Let m be w(8). Let q = m - 217. Let a = -9474 + 9510. Calculate the greatest common divisor of q and a.
36
Suppose -10*t - 18 = 962. Let o = 194 + t. What is the greatest common divisor of o and 144?
48
Let d = 298 - -1. Let w = -211 + d. What is the highest common factor of 110 and w?
22
Let r(x) = -x**2 + 20*x + 142. Let n be r(24). What is the highest common divisor of n and 874?
46
Suppose 0 = -2*m + m + 84. Let j(t) = 9*t**2 - 18*t + 12. Let v be j(5). Calculate the greatest common divisor of m and v.
21
Let v = 1 - -6. Let b(a) = a**2 - 11*a + 7. Let w be b(v). Let t be (-136)/(-3) + 7/w. Calculate the highest common factor of t and 30.
15
Let h = 245 + 8. Suppose 8*k + 387 + h = 0. Let g = 134 + k. Calculate the greatest common factor of g and 36.
18
Let j = -542 - -1835. Suppose 49*t - j + 362 = 0. What is the greatest common divisor of t and 19?
19
Suppose 0 = 4*n + 2*k + 90, -6*k + 70 = -4*n - 4*k. Let u be 2*4/n - 34/(-10). Suppose 0 = -u*g - 2*g + 10. What is the highest common divisor of g and 22?
2
Let y(b) = -2*b. Let n be y(-1). Suppose -q - 4 = -n*c + q, -c - 4*q = -12. Let w = 21 + c. Calculate the greatest common factor of w and 200.
25
Suppose -4*g - v + 124 = 0, 3*g - g - 5*v - 84 = 0. What is the greatest common factor of g and 3104?
32
Let v be 1 - -35 - 0/2. Suppose 2*d = -0*d - 3*j + 2892, 0 = 4*d - 2*j - 5752. Suppose 13*x - d = 5*x. Calculate the greatest common factor of x and v.
36
Let j(n) = -4*n**3 - 16*n**2 + 23*n + 16. Let d be j(-5). Calculate the highest common divisor of 1996 and d.
1
Suppose 47*g + 77*g - 17360 = 0. Suppose 13*s - 9*s - 448 = 0. Calculate the highest common factor of s and g.
28
Suppose 11423*y = 11426*y - 1566. Calculate the highest common factor of y and 207.
9
Let m(h) = -6*h - 5. Let k be m(-2). Suppose u - 3*t + 14 = 0, -16*t - 10 = -5*u - 17*t. What is the greatest common factor of u and k?
1
Let f be (-6)/(-12) + (4305/6)/5. Let l(o) = 3*o + 8. Let q be l(-4). Let c = q + 16. What is the highest common divisor of c and f?
12
Let o = -9777 - -18939. What is the greatest common factor of 9 and o?
9
Suppose 3*y + 0*y = 18. Let g be ((-5)/2)/(16/(-32)). Suppose 0 = i + 1 - 2, -118 = -g*v + 2*i. What is the greatest common divisor of v and y?
6
Let t = 336 - 211. Let r = t - 125. Suppose r = -2*q + 5*y + 52, 3*y - 20 = -2*y. Calculate the greatest common divisor of q and 84.
12
Suppose 4*u - 36200 - 22560 = 0. Let p be u/70 - (-24)/(-28). Calculate the greatest common divisor of 95 and p.
19
Suppose -a + 6058 = 4*m, -4*m + 5*m = -5*a + 1505. What is the greatest common factor of m and 15?
15
Let p = -1663 + 1773. What is the greatest common factor of 630 and p?
10
Let k(j) = -23*j + 599. Let z be k(26). Calculate the highest common divisor of 193 and z.
1
Let w(t) = -3*t**2 + t + 31. Let m be w(-7). Let g = m - -222. Suppose -5*k + g = 3*o + 16, -k = 4*o - 20. What is the highest common factor of k and 48?
16
Let b be ((-63)/(-35))/(3/5). Suppose 0*a - a + 7 = 0. Suppose -4*o = -a - 1. Calculate the highest common divisor of b and o.
1
Suppose -62*j + 15339 = 23*j - 3361. Calculate the greatest common divisor of j and 1420.
20
Suppose -36 = -s + 4*t, 2*t = s + 3*t - 16. Let n(f) = -f**3 + 42*f**2 - 375*f + 190. Let v be n(12). What is the greatest common factor of v and s?
10
Suppose 11*h + 15*h - 57090 = 11*h. Calculate the greatest common factor of h and 44.
22
Let f = -204 + 208. Suppose -f + 130 = 3*h + 4*j, -3*h = j - 117. What is the 